9.
17
Calculate the greatest common divisor of 1400 and 360200.
200
Calculate the greatest common divisor of 490888 and 2064.
344
Calculate the highest common factor of 2256 and 3648.
48
Calculate the greatest common divisor of 1552 and 40837.
97
Calculate the greatest common divisor of 447 and 55875.
447
Calculate the highest common divisor of 115736 and 184.
184
What is the highest common divisor of 107237 and 50297?
949
What is the highest common divisor of 39 and 2485951?
13
Calculate the greatest common divisor of 105552 and 8.
8
What is the highest common factor of 1481120 and 1120?
160
What is the greatest common factor of 12 and 146724?
12
What is the highest common divisor of 244443 and 51?
51
Calculate the greatest common factor of 10000 and 925.
25
What is the highest common factor of 32528 and 1216?
304
Calculate the greatest common divisor of 3432 and 192504.
312
What is the highest common divisor of 4462664 and 4249?
607
What is the greatest common divisor of 104 and 173888?
104
What is the highest common factor of 4063136 and 32?
32
What is the highest common divisor of 5238 and 174?
6
What is the highest common divisor of 78 and 108?
6
What is the greatest common divisor of 11992 and 8?
8
What is the greatest common factor of 159030 and 2850?
570
Calculate the highest common divisor of 153675 and 225.
225
Calculate the highest common divisor of 27 and 50517.
27
Calculate the highest common divisor of 69333 and 129498.
573
What is the highest common divisor of 17 and 558?
1
Calculate the highest common divisor of 113154 and 27.
3
Calculate the greatest common divisor of 11011 and 1859.
143
What is the highest common divisor of 388291 and 194?
97
What is the greatest common divisor of 72136 and 8?
8
Calculate the highest common factor of 2548 and 20488.
52
What is the greatest common divisor of 148474 and 1708?
122
What is the highest common factor of 278 and 4170?
278
Calculate the highest common factor of 1457 and 62.
31
What is the greatest common divisor of 245 and 46697?
49
Calculate the greatest common factor of 418 and 31996.
38
Calculate the highest common divisor of 19197 and 632.
79
What is the highest common divisor of 12492 and 342?
18
What is the highest common divisor of 26564 and 46516?
116
What is the greatest common divisor of 359 and 126727?
359
What is the highest common factor of 6502989 and 261?
87
Calculate the highest common divisor of 132037 and 157.
157
What is the highest common factor of 17150 and 50680?
70
What is the greatest common factor of 5843859 and 21?
21
What is the greatest common factor of 4163 and 1104?
23
What is the highest common factor of 1110 and 3003290?
370
Calculate the highest common factor of 74467 and 1318.
659
What is the greatest common divisor of 24908 and 52?
52
What is the highest common divisor of 199 and 486356?
199
Calculate the highest common divisor of 32 and 48592.
16
Calculate the highest common divisor of 61 and 1237507.
61
Calculate the greatest common factor of 24644 and 549.
61
Calculate the greatest common factor of 187 and 25751.
11
Calculate the highest common factor of 51794 and 4.
2
What is the greatest common factor of 255170 and 10?
10
What is the highest common factor of 1680 and 117096?
168
Calculate the greatest common divisor of 12757 and 3.
1
What is the greatest common factor of 21080 and 8755?
85
Calculate the highest common divisor of 542845 and 755.
755
What is the highest common divisor of 206600 and 14600?
200
Calculate the greatest common factor of 48575 and 100.
25
What is the greatest common factor of 4527 and 8551?
503
What is the greatest common factor of 301440 and 3072?
384
What is the greatest common divisor of 80032 and 96?
32
Calculate the greatest common factor of 126577 and 4976.
311
Calculate the highest common factor of 6 and 11236278.
6
What is the highest common factor of 19123 and 247?
13
Calculate the greatest common divisor of 148 and 256.
4
What is the highest common factor of 51 and 393057?
51
What is the highest common factor of 39 and 71461?
13
Calculate the highest common factor of 435 and 957.
87
What is the greatest common factor of 5020 and 4518?
502
Calculate the greatest common divisor of 30096 and 9.
9
What is the highest common divisor of 1194 and 1379269?
199
Calculate the greatest common divisor of 18 and 2647404.
18
What is the highest common divisor of 494 and 61997?
247
Calculate the greatest common divisor of 4 and 6367.
1
Calculate the highest common divisor of 15 and 25.
5
What is the greatest common factor of 496 and 79568?
16
What is the highest common divisor of 138 and 10788?
6
What is the greatest common factor of 17141 and 1281?
61
Calculate the greatest common factor of 167066 and 6592.
206
Calculate the greatest common factor of 2375 and 9785.
95
Calculate the highest common factor of 528 and 6252.
12
Calculate the highest common divisor of 2296 and 8610.
574
Calculate the greatest common divisor of 5030961 and 169.
169
What is the highest common divisor of 156067 and 2151?
239
Calculate the greatest common divisor of 2094988 and 56.
28
What is the highest common factor of 10578 and 7134?
246
What is the greatest common factor of 948843 and 84?
21
What is the greatest common factor of 1355 and 5095?
5
Calculate the greatest common divisor of 112 and 184744.
56
What is the greatest common factor of 1604448 and 768?
96
Calculate the greatest common factor of 76212 and 1508.
116
What is the greatest common divisor of 101960 and 60?
20
Calculate the highest common divisor of 22 and 46200.
22
What is the highest common factor of 1589280 and 220?
220
Calculate the greatest common divisor of 527 and 14446.
31
Calculate the greatest common factor of 763 and 679.
7
What is the greatest common divisor of 1620 and 29511?
27
Calculate the greatest common factor of 80535 and 7.
7
Calculate the greatest common divisor of 36329 and 136.
17
What is the greatest common divisor of 13179 and 10314?
573
Calculate the greatest common factor of 5 and 1167760.
5
Calculate the highest common factor of 837 and 198.
9
What is the highest common factor of 78416 and 304?
16
What is the highest common divisor of 34685 and 28?
7
Calculate the greatest common factor of 5782 and 587286.
826
What is the greatest common divisor of 66 and 1152?
6
Calculate the greatest common factor of 36859 and 20213.
1189
Calculate the highest common divisor of 2 and 31830.
2
Calculate the greatest common divisor of 67600 and 19435.
845
What is the greatest common divisor of 112 and 378?
14
What is the highest common divisor of 14134 and 11078?
382
What is the greatest common divisor of 19 and 30495?
19
Calculate the greatest common factor of 25 and 44875.
25
Calculate the highest common factor of 531 and 1872.
9
Calculate the greatest common divisor of 35688 and 4800.
24
Calculate the greatest common factor of 155056 and 2.
2
What is the greatest common factor of 31816 and 970?
194
Calculate the greatest common divisor of 276 and 334650.
138
What is the greatest common factor of 1 and 5351?
1
Calculate the highest common factor of 36660 and 3510.
390
Calculate the highest common divisor of 15 and 479685.
15
What is the greatest common divisor of 392822 and 118?
118
What is the greatest common factor of 39 and 419861?
13
Calculate the greatest common divisor of 3392 and 1007.
53
What is the greatest common divisor of 1748 and 104443?
437
What is the greatest common divisor of 554 and 4812044?
554
Calculate the greatest common factor of 126512 and 32.
16
What is the greatest common divisor of 148 and 421948?
148
Calculate the greatest common divisor of 149110 and 1495.
65
What is the greatest common divisor of 51062 and 363?
121
What is the greatest common factor of 897 and 6942?
39
What is the greatest common divisor of 638 and 931161?
319
Calculate the highest common divisor of 1200 and 102600.
600
What is the highest common divisor of 400302 and 28?
14
Calculate the greatest common divisor of 5598 and 24.
6
What is the greatest common divisor of 1596 and 72732?
228
What is the highest common factor of 74844 and 1078?
154
Calculate the greatest common divisor of 13102 and 14.
2
Calculate the greatest common factor of 1252672 and 736.
736
What i